st common factor of 182 and 13?
13
What is the greatest common divisor of 456 and 1653?
57
What is the greatest common divisor of 272 and 32?
16
What is the highest common factor of 490 and 1610?
70
What is the greatest common divisor of 56 and 728?
56
Calculate the highest common factor of 12 and 52.
4
What is the highest common factor of 936 and 195?
39
Calculate the highest common factor of 784 and 427.
7
Calculate the highest common divisor of 713 and 23.
23
What is the highest common divisor of 602 and 28?
14
What is the highest common divisor of 99 and 33?
33
What is the greatest common factor of 1507 and 22?
11
What is the greatest common factor of 180 and 828?
36
Calculate the highest common divisor of 4823 and 53.
53
What is the highest common factor of 372 and 9455?
31
What is the greatest common factor of 1244 and 4?
4
What is the greatest common divisor of 270 and 5160?
30
What is the highest common factor of 49 and 28?
7
Calculate the greatest common factor of 1 and 21.
1
What is the highest common factor of 85 and 102?
17
Calculate the highest common factor of 105 and 12831.
21
What is the highest common factor of 19018 and 296?
74
Calculate the greatest common divisor of 27 and 1467.
9
What is the highest common factor of 14991 and 38?
19
Calculate the highest common divisor of 21 and 861.
21
Calculate the greatest common factor of 33306 and 78.
78
What is the greatest common divisor of 35 and 70?
35
Calculate the highest common factor of 1770 and 11328.
354
What is the greatest common factor of 72 and 36?
36
What is the greatest common factor of 2000 and 50?
50
Calculate the highest common divisor of 23 and 9637.
23
What is the greatest common factor of 830 and 10?
10
Calculate the highest common divisor of 1458 and 18.
18
Calculate the highest common factor of 155 and 15.
5
What is the greatest common factor of 3588 and 156?
156
Calculate the greatest common factor of 1356 and 708.
12
Calculate the greatest common factor of 10621 and 1235.
247
Calculate the greatest common divisor of 9513 and 27.
9
Calculate the highest common factor of 48 and 162.
6
Calculate the greatest common divisor of 4770 and 60.
30
What is the highest common factor of 1920 and 10?
10
Calculate the highest common factor of 416 and 39.
13
Calculate the greatest common divisor of 4 and 40.
4
Calculate the highest common factor of 295 and 20.
5
Calculate the highest common factor of 80 and 7480.
40
What is the greatest common divisor of 280 and 4235?
35
Calculate the greatest common divisor of 8 and 6.
2
Calculate the greatest common factor of 175 and 200.
25
Calculate the greatest common factor of 1860 and 108.
12
Calculate the greatest common divisor of 28395 and 15.
15
Calculate the highest common factor of 360 and 126.
18
Calculate the greatest common factor of 5 and 40.
5
Calculate the greatest common factor of 1144 and 156.
52
What is the greatest common divisor of 46 and 23?
23
What is the greatest common factor of 310 and 3875?
155
What is the highest common divisor of 132 and 876?
12
Calculate the highest common divisor of 2397 and 255.
51
Calculate the greatest common divisor of 56 and 56.
56
What is the greatest common divisor of 149 and 35611?
149
Calculate the highest common divisor of 28 and 16.
4
Calculate the highest common divisor of 7 and 469.
7
What is the highest common factor of 322 and 92?
46
Calculate the greatest common divisor of 1513 and 68.
17
Calculate the greatest common divisor of 44 and 1661.
11
Calculate the highest common divisor of 483 and 1344.
21
What is the highest common factor of 27 and 36?
9
What is the highest common factor of 189 and 1449?
63
Calculate the greatest common factor of 6148 and 116.
116
What is the highest common divisor of 48 and 1368?
24
Calculate the greatest common divisor of 474 and 2528.
158
What is the greatest common factor of 120 and 1720?
40
What is the greatest common divisor of 1972 and 232?
116
Calculate the greatest common factor of 132 and 2.
2
What is the highest common divisor of 8 and 188?
4
Calculate the highest common factor of 15 and 1215.
15
Calculate the greatest common divisor of 15 and 34005.
15
Calculate the greatest common factor of 2904 and 24.
24
Calculate the greatest common factor of 40 and 2810.
10
Calculate the highest common divisor of 15 and 1445.
5
What is the greatest common divisor of 76 and 620?
4
What is the greatest common factor of 1197 and 14?
7
What is the highest common divisor of 493 and 1943?
29
Calculate the highest common divisor of 5796 and 54.
18
What is the greatest common factor of 150 and 24?
6
Calculate the highest common factor of 56 and 42.
14
What is the highest common divisor of 256 and 16?
16
What is the greatest common factor of 56 and 1792?
56
What is the greatest common factor of 4500 and 300?
300
What is the greatest common divisor of 602 and 126?
14
What is the greatest common factor of 924 and 126?
42
What is the greatest common factor of 3504 and 1095?
219
What is the greatest common factor of 14 and 658?
14
What is the greatest common factor of 50 and 325?
25
Calculate the greatest common divisor of 910 and 1204.
14
What is the highest common factor of 339 and 6?
3
What is the highest common divisor of 23 and 5359?
23
Calculate the greatest common factor of 120 and 3960.
120
Calculate the greatest common divisor of 906 and 3473.
151
What is the highest common divisor of 15 and 189?
3
What is the greatest common factor of 518 and 28?
14
Calculate the greatest common divisor of 13 and 35321.
13
What is the highest common factor of 2197 and 65?
13
What is the highest common factor of 4 and 106?
2
Calculate the highest common divisor of 27 and 3.
3
What is the highest common factor of 48 and 36?
12
Calculate the highest common divisor of 5950 and 50.
50
What is the highest common divisor of 5 and 515?
5
Calculate the greatest common divisor of 6 and 42.
6
What is the greatest common factor of 3185 and 49?
49
What is the highest common divisor of 75 and 243?
3
Calculate the highest common factor of 59 and 1121.
59
What is the highest common divisor of 304 and 190?
38
What is the highest common divisor of 410 and 6478?
82
What is the highest common factor of 39 and 174?
3
Calculate the highest common factor of 87 and 27.
3
What is the highest common divisor of 41 and 1107?
41
What is the highest common divisor of 133 and 513?
19
Calculate the greatest common divisor of 77 and 679.
7
What is the highest common divisor of 106 and 106?
106
Calculate the greatest common factor of 532 and 182.
14
Calculate the greatest common factor of 78 and 66.
6
Calculate the greatest common factor of 338 and 13.
13
Calculate the highest common factor of 468 and 108.
36
What is the greatest common factor of 50 and 30220?
10
Calculate the greatest common divisor of 44 and 53372.
44
What is the highest common divisor of 44 and 16?
4
Calculate the greatest common factor of 122 and 4.
2
What is the highest common divisor of 15 and 50?
5
Calculate the highest common factor of 248 and 1832.
8
Calculate the highest common factor of 774 and 860.
86
Calculate the highest common divisor of 2763 and 72.
9
Calculate the greatest common factor of 88 and 376.
8
What is the highest common factor of 32 and 64?
32
Calculate the greatest common factor of 574 and 246.
82
Calculate the greatest common factor of 3645 and 99.
9
Calculate the greatest common factor of 18 and 2286.
18
Calculate the highest common divisor of 30 and 510.
30
What is the greatest common divisor of 756 and 18?
18
Calculate the highest common factor of 8 and 40.
8
Calculate the highest common factor of 21 and 2688.
21
Calculate the highest common factor of 1332 and 36.
36
What is the highest common divisor of 238 and 1598?
34
Calculate the greatest common factor of 25 and 125.
25
What is the highest common divisor of 2 and 218?
2
Calculate the highest common divisor of 68 and 731.
17
What is the greatest common factor of 384 and 36?
12
Calculate the highest common factor of 1311 and 207.
69
What is the greatest common divisor of 17310 and 90?
30
Calculate the greatest common divisor of 4475 and 716.
179
Calculate the highest common divisor of 39 and 1261.
13
Calculate the highest common factor of 81 a